uppose 0 = -h + 54 - 10. What is the remainder when h is divided by 16?
12
Let b(f) = f**2 - 45. Suppose -5*z = -2*h + 7, 3*z = 3*h - 2*z - 18. What is the remainder when h is divided by b(-7)?
3
Let k be (24/(-21))/(6/(-21)). Suppose -8 = 3*l - k*l. What is the remainder when l is divided by 1/2*(5 + 1)?
2
Let o(z) = -z**3 + z**2 - z - 1. What is the remainder when 24 is divided by o(-2)?
11
Let w = 62 + -41. Calculate the remainder when 57 is divided by w.
15
Suppose 8*w - 15 = 5*w, -126 = -b - 5*w. Suppose -15 + b = 2*x. Calculate the remainder when x is divided by 9.
7
Suppose 3*b - 14 = 1. Suppose -2 = -b*h + 43. What is the remainder when h is divided by (9/27)/((-2)/(-30))?
4
Suppose 2*l + 4*i = 2, 2*l + 3*i - 24 = 3*l. Let b = l + 10. Suppose -4*s = -s - 3. What is the remainder when b is divided by s?
0
Suppose -z + 30 = -3*x - 7, -3*x = -4*z + 22. Let k be (-46)/6 + 6/9. Calculate the remainder when (-4)/x + (-215)/k is divided by 11.
9
Let c(g) = -g**3 + 3*g**2 + 1. Let r be c(3). Suppose -z + r = 3*t - 14, 3*t - 123 = -5*z. Calculate the remainder when 106 is divided by z.
25
Let f = 19 - -4. Suppose 726 = 142*v - 131*v. Calculate the remainder when v is divided by f.
20
Suppose -2*h - 1 = -27. Let n = -8 + h. Suppose -3*l + 8 + 1 = 0. What is the remainder when n is divided by l?
2
Let b = -93 - -141. Calculate the remainder when b is divided by 17.
14
Let v(n) = n**2 + 11*n + 14. Let z(j) = 4 + j - 4 + 11. What is the remainder when z(0) is divided by v(-10)?
3
Let a = 132 - 50. What is the remainder when a is divided by 14?
12
Suppose 2*f - 20 = d + 3*d, -20 = 5*d. Suppose -f*k + 11 = -9. Calculate the remainder when 16 is divided by k.
6
Suppose 3*s = 2*k + 162, 6*k = 4*s + 3*k - 217. What is the remainder when s is divided by 18?
16
Suppose -2*v + 19 = -11. Let i = v + 5. Calculate the remainder when 79 is divided by i.
19
Let j be -5*1*604/10. Let r be 3/4 - j/(-8). Calculate the remainder when 1/((4/r)/(-4)) is divided by 19.
18
Let a(n) = -2*n. Let d(k) = 23*k. Let r(m) = 22*a(m) + 2*d(m). Let x = 15 + -14. Calculate the remainder when r(x) is divided by 1.
0
What is the remainder when 40 is divided by (-4)/(-9 - -1)*28?
12
Suppose 0 = 2*z - 5*z + 12. Calculate the remainder when (26/(-4))/(1/(-2)) is divided by z.
1
Suppose 2*k - 3 = 17. Let z = 22 - 4. What is the remainder when z is divided by k?
8
Let i(t) = -t**3 - 6*t**2 + 3*t - 4. Let l be i(-6). Let d = -11 - l. What is the remainder when 30 is divided by d?
8
Let x(u) = 9*u**2 - u - 1. Let j(f) = 18*f**2 - 2*f - 2. Let v(w) = 4*j(w) - 7*x(w). Let n be v(-1). Calculate the remainder when (96/9)/(3/n) is divided by 11.
10
Let l be (-2)/4 - 1/(-2). Suppose 2 = v - l*v. Suppose v*y - 5 = 5. Calculate the remainder when 13 is divided by y.
3
Let v = -96 - -51. Let k = -6 - v. Calculate the remainder when k is divided by 10.
9
Let i(q) = -q**2 + 14*q + 3. Let m be (7/14)/(1/20). Calculate the remainder when i(m) is divided by 15.
13
Let v(d) = 3*d**2 - 12*d + 18. What is the remainder when 87 is divided by v(4)?
15
Let x(q) = q**2 - 6*q + 9. Let u(k) = -k**2 + 16*k - 9. Let w be u(15). Suppose 0 = 2*f + 2*f - 20. What is the remainder when x(w) is divided by f?
4
Let f = -1 + 19. Let i = 42 + -8. Calculate the remainder when i is divided by f.
16
Let g = 2 + 12. Calculate the remainder when 40 is divided by g.
12
Let x be 1 + 6 - (1 + -2). Suppose 0 = 2*v + 5*m - x, 5*v - 29 = 3*m - 9. Calculate the remainder when 13 is divided by v.
1
Suppose -2*h - 14 = -5*h - 2*q, -2*h + 5*q = 16. What is the remainder when 3 is divided by h?
1
Suppose -4*t + 323 = 5*l, -3*l + t + 4*t + 216 = 0. What is the remainder when l is divided by (-29)/(-2) - (-2)/(-4)?
11
Suppose 0*j + 22 = 2*j. Calculate the remainder when j is divided by 3/9 + (-34)/(-6).
5
Let x be (-1)/2 + (-11)/(-2). Let l = -4 + x. Suppose -4 = -c - c. Calculate the remainder when c is divided by l.
0
Let t be 75 - (2 + -2 + 0). Let b = t + -45. Calculate the remainder when b is divided by 16.
14
Suppose 0 = -3*j + 8*j - 70. Suppose -2*r + 15 + 5 = 0. Suppose 5*i - 52 = -4*u, 0*u + 2*u + r = 2*i. Calculate the remainder when j is divided by i.
6
Let s = 15 - 11. Calculate the remainder when 7 is divided by s.
3
Let q(g) = g**3 + g**2 - 2*g + 24. Calculate the remainder when 70 is divided by q(0).
22
Suppose -2*l + 20 = c, 57 + 3 = 3*c - 3*l. Calculate the remainder when 57 is divided by c.
17
Suppose 2*j = 5*b - 85, 21 = -4*b + j + 89. What is the remainder when b is divided by 6?
5
Let n(w) be the second derivative of w**4/12 + w**3/6 + 7*w**2/2 + 4*w. Calculate the remainder when n(0) is divided by 2.
1
Let w = -18 - -30. Suppose -k + 26 = -2*o, -k - 3*o + w = 2*o. What is the remainder when k is divided by 6?
4
Let o = 23 + -8. Let h(b) = b**3 + 5*b**2 - 11*b + 12. Calculate the remainder when h(-6) is divided by o.
12
Suppose -2*s + 80 = -2. Calculate the remainder when s is divided by 22.
19
Suppose -55 = -2*g - 3*g. Let y be 122 - (-1 - -3)/(-1). Suppose y + 0 = 4*m. What is the remainder when m is divided by g?
9
Let q(t) = -t**3 - 2*t**2 - 5*t + 3. Let i be q(-4). Let r = i + -10. What is the remainder when r is divided by 16?
13
Let a = 3 + -5. Calculate the remainder when (-405)/(-12) - a/8 is divided by 9.
7
Let w = 5 - 8. Let z = 5 + w. Calculate the remainder when 5 is divided by z.
1
What is the remainder when 4 is divided by (-6 - -4)/((-8)/4)?
0
Suppose -3*q = -6*q - 5*d + 72, 5*q + 5*d = 130. What is the remainder when q is divided by (-33)/22*(-40)/6?
9
Let n(y) = -y**3 + 7*y**2 + 2*y + 1. Calculate the remainder when n(6) is divided by 25.
24
Suppose 11 = 2*a - 17. Let w(p) = 2*p**3 - 4*p**2 - 4*p + 6. What is the remainder when w(4) is divided by a?
12
Suppose -n = -37 - 14. What is the remainder when n is divided by 13?
12
Let h(x) = -x**3 + 9*x**2 - 4*x + 2. Let v be h(6). Suppose 5*r = -s + 3*s - v, 0 = -3*s + 3*r + 129. What is the remainder when s is divided by 15?
13
Let b(c) = -c**3 + 7*c**2 - 8*c + 7. Let x be b(6). What is the remainder when 9 is divided by 18/15*x/(-2)?
0
Let g = -39 - -86. Calculate the remainder when g is divided by (50/8 + (-10)/40)*2.
11
Let j be 1/(-3) - 10/15. Calculate the remainder when 14 is divided by 38/8 - j/4.
4
Let s = -24 - 2. Calculate the remainder when 9 is divided by s/(-4) + (-1)/2.
3
Let p(x) be the first derivative of -21*x**2/2 + 1. Let u be p(-1). Let k = -7 + u. Calculate the remainder when 26 is divided by k.
12
Let l = 48 + -32. Let s(y) = 4*y + 1. What is the remainder when l is divided by s(2)?
7
Let r(m) = 2*m - 8. Let v be r(5). Suppose -4*k - b = -43, 0 = -3*k - 5*b + v*b + 21. Calculate the remainder when k is divided by 8.
4
Let m = 29 + -19. Suppose -2*j - m = -4*j. Suppose -4*g + 6 = -g. Calculate the remainder when j is divided by g.
1
Let q(b) = b**3 + 6*b**2 + 2*b + 8. Let u be q(-6). Let p be (1 + -3)/((-4)/u). Calculate the remainder when (-1)/((-6)/(-51))*p is divided by 6.
5
Let q(z) = -z + 27. Calculate the remainder when 70 is divided by q(15).
10
Let c(p) = 26*p + 6. Let k(q) = -9*q - 2. Let i(o) = 3*c(o) + 10*k(o). Suppose -2*g - g + 111 = 0. Calculate the remainder when g is divided by i(-1).
7
Let p(g) = g**3 - g + 3. Calculate the remainder when 4 is divided by p(0).
1
Let x(d) = -2*d**2 + 33*d + 13. What is the remainder when x(15) is divided by 15?
13
Suppose 3*h - 60 = -0*h. Suppose -39 = -3*b - 0*b. What is the remainder when b is divided by (1/1)/(4/h)?
3
What is the remainder when 151 is divided by (-3*2/9)/((-10)/255)?
15
Suppose 7*s - 94 = -3. Let u = 79 + -41. Calculate the remainder when u is divided by s.
12
Let q = 0 + 2. Suppose 3*j = z - 56, -q*z = -j + 5*j - 62. Calculate the remainder when z is divided by 21.
20
Let q(r) = 18*r - 2. Suppose 5*f + 0*f - 231 = -k, -2*k = 4*f - 186. What is the remainder when f is divided by q(1)?
14
Suppose 5*p - 2*p = 0. Suppose -7*b + 3*b + g + 233 = p, 5*b + 3*g - 287 = 0. What is the remainder when b is divided by 15?
13
Suppose -q - 4*v + 33 = 8, 3*v = -q + 22. Let r = -3 - -3. Calculate the remainder when q is divided by r - 1*(-9 - -2).
6
Let p = 30 + -7. Calculate the remainder when p is divided by 9.
5
Suppose 0 = -7*p + 4*p. Suppose 2*f = 5*i - 16, p = -f + 3*i +